+ y**2/2 + 114*y. Give i(u).
-7
Let m(s) be the first derivative of -s**2 + 27*s - 418. What is m(13)?
1
Let n = 5 - -18. Let x(k) = 12*k + 12*k + 1 - n*k. Let c = -3 + 2. What is x(c)?
0
Let z(b) = 2*b - 20. Suppose -2*p - 10 = 0, -4*p + 4 = 2*v + 2*v. What is z(v)?
-8
Let g(i) = 3*i**2 + 4*i - 3. Let c(f) = 21*f**2 - f - 37*f**2 + 17*f**2. Let b be c(-1). Give g(b).
17
Let s(t) = 0*t**3 + t**3 + 4 - 2*t - 5*t - 4*t**2. Let q(o) = 3*o - 17. Let p be q(7). Let a be (10/p + -2)*(9 + 1). Determine s(a).
-6
Let o(j) be the first derivative of j**3/3 + 5*j**2 + 7*j + 6. Suppose -2*h = -2*i - 2 + 6, -4*h - 3 = -5*i. Calculate o(h).
-14
Let u(s) = -s**3 - 4*s**2 - 4*s - 1. Let c be u(-3). Let n(a) = -9 - c*a + 11 - 6. Calculate n(-3).
2
Let i(n) = -9*n**2 - 6*n. Let l(u) = -7*u**2 - 5*u. Let m(d) = -4*i(d) + 5*l(d). Give m(2).
2
Let u(z) = 7*z**2 + 3*z - 9. Let o(w) = -w**2 - w + 2. Let q(y) = -4*o(y) - u(y). What is q(-1)?
-3
Let o(u) = u**3 - 3*u**2 - 2*u - 4. Let b(f) be the first derivative of f**4/4 - 2*f**3 + 3*f**2 - f + 13. Let s be b(5). Calculate o(s).
4
Suppose 3*d - 24 + 3 = 4*u, -5*u = 0. Let i(c) = -c**3 + 19*c**2 + 4. Let j be i(19). Let v be j/d + (-44)/28. Let t(m) = 11*m**2 - m. Determine t(v).
12
Let l(j) = 13*j**3 - j. Let d be (15/6)/(-5)*(4 + -8). Suppose d*a = 8 - 6. Calculate l(a).
12
Let x = 62 + -57. Let m(a) = -a**3 + 6*a**2 - 4*a - 7. Calculate m(x).
-2
Let z(n) = 5*n**3 + 31*n**2 - n - 27. Let y(d) = d**3 + 8*d**2 - 6. Let t(l) = 9*y(l) - 2*z(l). Calculate t(10).
20
Let n(l) = -2*l**2 - 6*l + 6. Let q(r) be the third derivative of -r**6/120 - r**5/6 - r**4/3 + 2*r**3/3 - 35*r**2. Let a be q(-9). Determine n(a).
-14
Let b(q) = -q - 8. Let c(t) be the first derivative of -3*t**2/2 - 9*t - 7. Let j be c(-5). Calculate b(j).
-14
Let n(m) = -3*m + 4. Let f(s) = -8*s + 9. Let h(u) = 4*f(u) - 11*n(u). What is h(11)?
3
Let i(w) = -6*w + 18. Let n(m) = 15*m - 29. Let f(p) = -5*i(p) - 3*n(p). What is f(-3)?
42
Let s(z) = z + z**2 - z - 5*z - 3*z + 6. What is s(7)?
-1
Let n(g) = 4*g + 3 - g + 11 + 0*g + 1. Give n(-7).
-6
Let y(m) = -m**2 + 9*m - 9. Let w be (2/6)/((-7)/(-21)). Let b be 2 - 2 - w - -4. Let c(q) = -q**3 + 4*q**2 - q. Let z be c(b). Give y(z).
9
Suppose 4*v - 6 = 3*d, 0 = -d + 2*v - 3 - 1. Let f(a) = -3*a - 16*a**3 + 4 - 2*a + d + 0. Let h(c) = -3*c**3 - c + 1. Let k(g) = 2*f(g) - 11*h(g). What is k(0)?
1
Let x(v) = -5*v**3 + 7*v**2 - v - 4. Let z(u) = -2*u**3 + u**2 - u + 1. Let s(b) = x(b) - 2*z(b). Suppose -25 = -9*c + 4*c. Give s(c).
-1
Let c(x) = 2*x**3 + 1 - 5*x**2 + 4*x**2 + 3*x - 5*x + 3*x**2. Give c(1).
3
Let x = -1 - -1. Let j(y) = 24*y + 26. Let n(i) = -29*i - 30. Let t(a) = -6*j(a) - 5*n(a). Determine t(x).
-6
Suppose -3*w - 2*w - 25 = 0. Let g(k) = 4*k + 9. Let m(f) = 17*f + 35. Let z(r) = 9*g(r) - 2*m(r). Let h be z(w). Let o(t) = 8*t**2. Calculate o(h).
8
Let j(x) be the first derivative of x**4/4 - x**3/3 - x**2/2 + 2*x + 258. Give j(3).
17
Let s(l) be the third derivative of l**5/30 - l**4/8 - l**3/6 - l**2. Let g = -135 - -185. Let r = -47 + g. Calculate s(r).
8
Let j = 46 + -35. Let w(q) = 26 - 17 + 2*q - j. Give w(2).
2
Suppose 0 = 14*y + 23 - 93. Let g(t) = -t**3 + 6*t**2 - 4*t - 2. Calculate g(y).
3
Let l(b) = -7*b + 2. Suppose 3*s = -610 + 607. Give l(s).
9
Let i(b) be the second derivative of -11*b**3/6 + 3*b**2/2 + 722*b. Give i(-4).
47
Let w(g) = 16 - 7 - g**3 + 5*g**2 - g**2 - g**2 - 10 + 6*g. Calculate w(5).
-21
Suppose 5884*m + 54 = 5902*m. Let z(u) = -1 - 1 + u - u**3 + 3*u**2 + 6. What is z(m)?
7
Let n = 10 + -7. Let m be (10/n + -2)/((-5)/15). Let y(w) = -3*w - 5. What is y(m)?
7
Let f be 12/10*(-10)/(-4). Suppose -i - 12 = -4*i. Let v(a) = -i*a**2 + f*a**2 - a**2 - 3 + 3*a**2. Give v(-3).
6
Let r(m) = m**2 - 12*m + 40. Let g be r(5). Let l(s) = s**3 - 4*s**2 - 7*s. Calculate l(g).
-10
Let k(c) = -c**3 + c**2 + 4*c. Let i(h) = h**3 - 5*h**2 - h + 8. Let d(n) = -i(n) - 2*k(n). What is d(-4)?
4
Let m(b) = b**2 + 7*b - 4. Let l(t) = 9*t + 23. Let p be l(-3). Let y be (6/(-36)*p)/(2/(-21)). What is m(y)?
-4
Let z(r) = r**2 - 4*r - 6. Let s(v) = -v**3 + 17*v**2 - 15*v - 4. Let g be s(16). Let f be (-30)/g*4/(-2). Calculate z(f).
-1
Let v(r) = -r + 8. Suppose -112 = 11*x - 112. Determine v(x).
8
Let f(m) = 12 - 6 - 46 - m. Let o be f(0). Let t be 52/10 + 8/o. Let j(a) = -2*a + 5. What is j(t)?
-5
Let j(a) = 4 - 724*a - a**3 + 720*a + 6*a**2 + 2*a**3. Give j(-7).
-17
Let k = 86 - 76. Let a(x) = -x**3 + 10*x**2 + 2*x + 2. Determine a(k).
22
Let g(q) = 14*q**2 + 2*q - 1. Suppose -18 + 4 = -4*z - 2*w, -4*w + 23 = 3*z. Give g(z).
15
Suppose -5*h + 154 = 4. Suppose -s - h = -6*s. Let v(k) = 0 - 2 - k - s - 1. Give v(0).
-9
Let v(b) = -3*b + 1. Let a = 18 - 15. Suppose -4*m = -a*m + 2, -3*o = -4*m + 1. What is v(o)?
10
Suppose 0 = -4*t + 16, 2*m = -3*t - 0 + 4. Suppose -2*z = -3*r + 10, 4*r - 2*z + 0*z = 12. Let f(d) = -d**3 + 1 - 7*d**r - 3 + 3*d**2 - 2. Calculate f(m).
-4
Let y be (-23)/4 + (-3)/12. Let r(h) be the second derivative of h**5/20 + 5*h**4/12 - 5*h**3/6 + h**2 - 139*h + 1. Give r(y).
-4
Let p(q) = -q**2 - 6*q - 3. Let l = -24 + 42. Let b be (-14)/63 + 148/l. Let x = b + -12. What is p(x)?
5
Let z = -59 + 44. Let k(c) = -9*c. Let w be k(2). Let s = z - w. Let y(h) = -h**3 + 2*h**2 + 2. What is y(s)?
-7
Let x(i) be the second derivative of i**7/280 - i**6/360 + i**4/24 + 5*i**3/6 + 4*i. Let s(t) be the second derivative of x(t). Give s(1).
3
Let c = -60 + 61. Let m(f) = 16*f - 7*f + c - 5*f + 0. Suppose -2*g + g = 2. What is m(g)?
-7
Let d(i) = i**2 + i - 4. Let n(a) = 1. Let u(h) = -h**2 + 3. Let j(v) = n(v) + u(v). Let y(p) = -5*d(p) - 4*j(p). Calculate y(-6).
-2
Let f be 5 + 0 + (-15)/(-10 + -5). Let a(g) = g**3 - 6*g**2 - g + 13. Calculate a(f).
7
Let u(a) = -1. Let f(h) = h + 1. Let d(x) = f(x) + u(x). Let r(m) = 2*m**2 - 2*m - 8. Let o be r(4). Let c be (-2)/8 - o/(-64). Determine d(c).
0
Let r = 121 - 112. Let h(m) = m + 1. Determine h(r).
10
Let v(q) = q**3 + 2*q**2 - 5*q - 4. Let b be ((-72)/(-63))/((-6)/(-21)). Suppose 4*a + 6 = a - 3*c, -b*a - 5*c - 7 = 0. Calculate v(a).
2
Suppose 4*a + 1 + 3 = 3*f, 3*f - 20 = -4*a. Suppose a*v + 9 = 6*v - k, 3*k = 3*v. Let y(c) = -2*c**3 - 104*c**2 + 106*c**2 + 3*c + c**v. What is y(3)?
0
Let g(o) be the third derivative of -2/3*o**3 + 1/12*o**4 + 0 - 1/60*o**5 + 0*o - 17*o**2. Calculate g(3).
-7
Let v(y) = -y**3 + 7*y**2 - 4*y - 14. Let t(b) = -16*b + 102. Let h be t(6). Give v(h).
-2
Let m(v) = v - 5. Suppose 13*s = 21*s - 48. What is m(s)?
1
Let o(q) = q**3 - q + 2. Let z be o(-2). Let d(k) = -k**3 - 3*k**2 + 6*k + 10. What is d(z)?
2
Let m(t) = -t**3 - 1. Let j(f) = 3*f**3 + 6*f**2 - 2*f - 7. Let w(q) = -j(q) - 2*m(q). Let p be -38 - (1 - (4 - 2)). Let b = p - -31. What is w(b)?
-3
Suppose -4*x - 20 = -5*x. Let r = -12 + x. Let o(b) = b - 9. What is o(r)?
-1
Let r(k) = 4*k + 177. Let v be r(-43). Let p(x) = -3*x**2 + 15*x + 1. Determine p(v).
1
Let w(f) be the second derivative of -f**5/10 - f**4/2 - f**3/3 - 3*f**2/2 - 2*f - 85. Determine w(-4).
37
Let z = -444 - -439. Let q(w) = 3*w - 6. Give q(z).
-21
Let l(r) = -r**3 - 10*r**2 - 2. Let t = 5 - 15. Let s be l(t). Let h(y) be the first derivative of 2*y**2 + 3*y + 31. Calculate h(s).
-5
Let v be (-1 + (-22)/2)/(-1). Suppose -3*d = -3 + v. Let n(f) = -16*f + 5. Let y(u) = 15*u - 1. Let k(b) = n(b) + y(b). Give k(d).
7
Let p be 48/15 - (-8)/10. Suppose 5*a - l = 9, 7*a - 3*a - 4*l = p. Let u(o) = -3*o + 2. What is u(a)?
-4
Let u(z) = 9*z + 5. Suppose o = -16*r + 14*r + 3, 3*r - 9 = -3*o. Calculate u(r).
5
Let y(u) = 2*u**2. Let c(h) = -3*h**2. Let g(m) = c(m) + 2*y(m). Determine g(-1).
1
Let v = -4 - -10. Let n be 34/10 - 10/25. Let y(b) = -b - 2 - 6*b**2 - n*b + b**2 - b + b**3. Give y(v).
4
Let r(z) = z**3 - z**2 - 9*z - 19. Let q be r(-3). Suppose -3*o - 50 = 13. Let h = q - o. Let j(g) = -g**3 - 8*g**2 - 8*g - 3. What is j(h)?
4
Suppose 12 = 5*y + 37. Let m(p) be the third derivative of -1/3*p**3 - 1/10*p**5 + 0 - 2*p**2 - 1/120*p**6 - 5/24*p**4 + 0*p. What is m(y)?
-2
Let q be (-464)/(-26) + 16/104. Let h = 24 - q. Let c(l) = -2*l**3 + h*l**3 - 3*l**3 - 11 + l**2 + 12. Calculate c(-1).
1
Suppose 0 = -2*t + 5*t + 21. Let j(l) be the first derivative of l**4/4 + 8*l**3/3 + 4*l**